 - x = -3*k. Let s(u) = 3*u**2 - 2*u + 1. What is s(k)?
9
Let l(a) be the first derivative of -a**4/4 + a**3 + a**2 + 2*a - 1. Let x be 3 + 4/(-3 + 4). Suppose -4*q = -4*f + 24, q + x = 2*f - 3. Determine l(f).
-6
Let w = -5 - -5. Suppose -o + 3*o = w. Let z(c) = -c**2 - 2 + 0 - 2. Calculate z(o).
-4
Let t(j) = j**2 - 4*j - 5. Suppose -r - 5 = 2. Let q = r + 11. Give t(q).
-5
Let v(y) = -y**2 - 4*y - 1. Let w(n) = n**3 + 6*n**2 + 6*n - 3. Let b be w(-5). Let x be (2/(-3))/(b/180). Suppose s - 6*s = x. What is v(s)?
2
Let a(f) = -f**2 + 12*f + f**2 + f**3 - 13*f. What is a(0)?
0
Let r(u) = 0*u**2 + u + u**3 + 7*u**2 - u**2 + 6. Give r(-6).
0
Suppose 0 = -3*z - 4*s - 9, -s - 2 = z + 1. Let l(u) = -1 + u - u**3 - 2*u**2 + 1. What is l(z)?
6
Suppose 4*u - 3*y = -47, -4*u - 2*y + 4*y = 46. Let q(r) = r**2 + 13*r + 16. Calculate q(u).
-6
Let w be (4*-1)/(12/(-6)). Let o be ((-6)/10)/(w/(-10)). Let g(m) = 0*m - 1 + 0 - 3 - o*m. Calculate g(-5).
11
Suppose 0 = -m + 2*x - 2, m - 1 = 3*x - 4. Suppose m + 2 = -a. Let s(w) = -w**3 - 2*w**2 - 4*w - 3. Let p be s(a). Let f(k) = -k**2 + 5*k - 7. Give f(p).
-7
Let l(k) = -k**2 - 2*k - 2*k + k - 1. Let r(q) = q + 7. Let m be r(-4). Suppose 2*z = 4*x + m + 5, 0 = x + z + 5. Determine l(x).
-1
Let n(s) = -s**3 - 1. Let r(j) = 6*j**3 + 9*j**2 + 7*j - 6. Let x(z) = -5*n(z) - r(z). Determine x(-8).
3
Let o(p) = -2*p + 2. Suppose 5*z - 2*m + 1 = 22, -2*z - 4*m = -18. Calculate o(z).
-8
Let c(l) = -l**3 - 4*l**2 - l - 5. Let g be c(-4). Let d(w) = -10*w**2 - 20 - 20 + 41 + 2*w. Determine d(g).
-11
Let d(t) = -t**3 - 21*t**2 + t + 22. Let q be d(-21). Let m(f) = 2 + f - 5 + 2 - 2*f**3 - f**2. Calculate m(q).
-3
Let i(b) = -5*b**2 + 5*b - 19 - 24 + 38 + b**3. Determine i(4).
-1
Let r be ((-3)/(-2))/((-24)/(-80)). Let c(w) = -2*w - w**3 - r*w + 3*w**2 - 5 + 11*w. Give c(4).
-5
Let g(o) = 12*o**3 - 4*o**2 - 2*o + 2. Let r(f) = -11*f**3 + 3*f**2 + f - 1. Let a(b) = 2*g(b) + 3*r(b). Determine a(1).
-8
Suppose 3*l + 2*l - 4*i = 14, -i = -4*l + 9. Let y(t) = -t - t**2 - 4*t + 2*t**l. Determine y(4).
-4
Let w(f) = 4*f**3 - f**2 - f + 1. Suppose -5*p - 3 = -2*q, 2*q - 5 = -p + 4. Give w(p).
3
Let t(o) = -o**3 - 6*o**2 - 3*o + 3. Suppose 3 - 1 = -v. Let m be (-13 - -3)*v/(-4). Give t(m).
-7
Let g(a) = a**3 + a + 8. Let j(h) = -h**2 - 7*h - 4. Let f be j(-6). Suppose -5*o = 3*b - f*b + 1, -1 = -2*o + b. Give g(o).
8
Let v(k) = k**3 + 4*k**2 - 5*k + 4. Let z be v(-5). Let q = z + 0. Let w(c) = 2*c**2 + 0*c**2 - q*c - 3*c**3 - 5 + 4*c**3 - 5*c**2. Calculate w(4).
-5
Let l(d) = d. Let a(r) = -26*r + 1. Let x(g) = -a(g) + l(g). Calculate x(-1).
-28
Let t(g) = -g**2 - 1. Let d(i) = -3*i**2 + 4. Let f(q) = -d(q) + 2*t(q). What is f(0)?
-6
Let r(a) = 6*a**2 - a**3 - 2 - 1 + 193*a - 198*a. Let l = -6 - -2. Let g be 5/(-2*2/l). What is r(g)?
-3
Let x(o) = 14*o - 5*o**2 - 42*o - 3 + 11*o + 14*o - o**3. Give x(-4).
-7
Let k(m) = -m**3 + 7*m**2 - 7*m + 1. Suppose 0 = 8*j - 2*j - 36. Determine k(j).
-5
Let s(i) be the third derivative of i**6/120 + 2*i**5/15 + 7*i**4/24 + i**3 - 27*i**2. Give s(-7).
6
Let k be (-1 - 1) + (7 - 10). Let c = -8 - k. Let n(o) = -2*o - 1. Determine n(c).
5
Let t(h) be the first derivative of h**6/120 - h**4/12 + h**3/6 + 3*h**2/2 + 2. Let n(p) be the second derivative of t(p). Determine n(2).
5
Let d(j) be the second derivative of j**7/840 + j**6/72 - j**5/60 + j**4/8 + j**3/3 + 2*j. Let s(c) be the second derivative of d(c). Give s(-5).
13
Let g(m) = -m**2 - 7*m - 6. Let t(n) = -n - 6. Let i be t(0). Let j be 3 + i - (1 - 32). Suppose -y = 9*v - 4*v + j, -23 = 4*v + y. What is g(v)?
4
Let g(z) be the first derivative of 5*z**4/4 + z + 2. Suppose 3*u + 5 = -0*u - 2*s, -4*u + 2*s = 2. Calculate g(u).
-4
Let k be (-26)/117 - (-1586)/9. Let u(v) = 0*v**3 - 178 + v**3 + k. Calculate u(2).
6
Let k(v) = v**2 - 5*v - 4. Let a be 2*4 + (-12)/6. Give k(a).
2
Let u(v) = -v**2 + 5. Suppose -4*c - 4*a - 12 + 32 = 0, -3*a + 6 = 0. Let q(p) = 4*p**2 + 6*p**3 - 4*p**3 - c*p**3 + 5*p. Let m be q(5). Calculate u(m).
5
Suppose -3*v = 2*o, 2*v - 6*v = 4*o + 4. Let j(y) = 2 - v + 61*y + 2 - 64*y. Give j(-2).
8
Let t(o) be the first derivative of o**3/3 + 7*o**2/2 + 5*o - 2. Give t(-7).
5
Let x(l) = -9 - 11 + 35 + 2*l**2 - 14. What is x(3)?
19
Suppose -2*v = -2, o = -0*o - 5*v + 9. Let d(q) be the second derivative of 2*q**2 + q + 1/4*q**4 - 1/20*q**5 + 0 + 1/3*q**3. Give d(o).
-4
Let q(s) = -6 - 1 - s**2 + 3*s**2 - 4*s - s**2. What is q(6)?
5
Let s be 2/5 + 48/30. Let y(u) = -u**2 - u**2 + 8 - u**3 + 2*u**2 + u**s. Give y(0).
8
Let h(q) = -2*q**3 + q**2 + q. Let u be (-3 + 7)/4*-1. Give h(u).
2
Suppose 3*d + 7 = s + 3*s, 2*s - 4*d - 6 = 0. Let h(l) = 12*l**2 - 1. Calculate h(s).
11
Let q(m) = 2*m - 10. Let v(d) = -3*d + 15. Let z = -17 - -9. Let l(j) = z*q(j) - 5*v(j). Suppose -4*t = -t. Determine l(t).
5
Let g(u) be the second derivative of 3*u + 0 + 1/6*u**3 - 1/2*u**2. Calculate g(1).
0
Let o(z) = -z**3 - 3*z**2 + 2*z + 2. Suppose 0 = -0*b - 3*b - 54. Let j be 4/b - (-100)/45. Suppose 3*q = 3, -j*q - 9 = 4*a + q. Give o(a).
-4
Let i(x) = 2*x. Let d = 7 - 4. Suppose 5*v = d*z + 15 + 25, 4*v - 11 = z. Let j be (-8)/(-5)*z/(-6). Give i(j).
8
Let j be (-6)/(-33) - (-84)/22. Let k(f) = f**2 - 7*f + 4. Calculate k(j).
-8
Let k = -51 + 46. Let a(p) = -3*p - 5. Determine a(k).
10
Let i(n) be the third derivative of n**6/120 + n**5/60 - n**4/24 - 2*n**3/3 - 9*n**2. Determine i(0).
-4
Suppose 4*v = 4, 2*j - j + v - 14 = 0. Let w = j + -18. Let p(t) = -18*t + t**2 + 50*t - 27*t. Determine p(w).
0
Let h(y) = 2*y**3 + y**2 + y. Let m(u) = 3*u**3 - 7*u**2 + u - 5. Let j(v) = 2*h(v) - m(v). Determine j(-9).
-4
Let m(a) = 11*a**2 - 2*a - 11*a**2 - 5*a**2 - 7 - a**3. Suppose 5*x = 4*y - 21, -2*x + 0*y = y + 11. What is m(x)?
3
Let q = -4 + 17/4. Let w(s) be the first derivative of 1/3*s**3 + 3/2*s**2 + 3*s - q*s**4 + 2. Calculate w(3).
-6
Let p(s) = 6 - 5*s - 8 - 5. Give p(-5).
18
Let x(o) be the first derivative of o**4/4 + 4*o**3/3 - 3*o**2 + 4*o - 13. What is x(-5)?
9
Let h(o) = o + 4*o**2 + o**3 + 3*o - o - o + 2. Calculate h(-3).
5
Let z(q) = q**3 - 1. Let m(o) = -o**3 - o**2 - o - 2. Let w(v) = -m(v) - 2*z(v). Let u be w(0). Let t(c) = c**2 - 4*c - 5. What is t(u)?
-5
Let j(h) = -7*h - 5 + 0*h - 3*h + 13*h. Calculate j(4).
7
Let j(l) = -l - 1. Suppose 0*g + 3*g = 3. Let n(o) = -5*o + 6. Let k(t) = g*n(t) - 4*j(t). What is k(6)?
4
Suppose m + 4 = 3*m. Suppose -m = 4*j + 2. Let a(c) = -c**3 - c**2. Calculate a(j).
0
Let c(j) be the second derivative of j**3/6 + 2*j**2 + 2*j. Let q(b) = -b - 4. Suppose -n + 6 = 1. Let i(a) = n*c(a) + 4*q(a). Calculate i(-4).
0
Let u(k) = -3*k**3 + 2*k - 6*k**3 - 4*k**2 + 14*k**3 - 6*k**3 + 3. Give u(-3).
-12
Let o = 58 + -64. Let t(u) = -u**3 + u + 2*u**3 + 8 + 10*u**2 - 4*u**2. Give t(o).
2
Suppose 4 = h + 2*v - 2, -h + 5*v = 1. Let m(y) = 4*y**3 - 2*y**2 + 5*y - 1. Let j(l) = -5*l**3 + 3*l**2 - 6*l + 2. Let f(q) = -5*j(q) - 6*m(q). Give f(h).
12
Suppose 0 = 3*x - z + 7, x - 16 = 4*z - 0*z. Let n(o) = -o**2 - 5*o - 4. What is n(x)?
0
Suppose -3*u = 2*u + 25. Let j = u + 10. Let a(m) be the third derivative of -m**5/60 + m**4/4 - m**3/3 + m**2. Determine a(j).
3
Suppose -2*w - 2*w = 8. Let a(l) = 6*l**2 + 6. Let x(d) = -7*d**2 + d - 7. Let u(f) = -5*a(f) - 4*x(f). Determine u(w).
-2
Let v(y) = -y + 8. Let h(n) = -n + 8. Let x(a) = 3*h(a) - 4*v(a). What is x(6)?
-2
Suppose -11*s + 7*s - 3*g + 18 = 0, 4 = 2*s + 4*g. Let d(w) = -w**2 + 7*w - 2. Calculate d(s).
4
Let k(r) = r**3 - 8*r**2 + 7*r + 7. Let s be (150/9)/(2/(-3)). Let z = -18 - s. What is k(z)?
7
Let q(d) be the first derivative of 3*d**5/20 - d**4/4 + 6*d + 6. Let v(w) be the first derivative of q(w). What is v(2)?
12
Let k(y) = -15*y - 9. Let i(q) = -7*q - 4. Let s(u) = -13*i(u) + 6*k(u). Determine s(3).
1
Let w(n) = n**3 + 7*n**2 + 5*n - 5. Let a be w(-6). Let q(m) be the first derivative of -5*m**4/2 + m**2/2 + 22. Calculate q(a).
-9
Let h(f) = -4*f + 4. Suppose z - 9 = -0*l - 4*l, l - 4*z = -19. Let s = 2 + l. What is h(s)?
-8
Let t(c) = 6*c**2 + 2*c - 16. Let n(j) = 4*j**2 + j - 11. Let w(d) = 7*n(d) - 5*t(d). Let g(v) = -v**2 + 8*v - 10. Let z be g(7). Give w(z).
-6
Let q(t) = -t**2 + 3. Let c(u) = 2. Let n(p) = 1. Let y(w) = -c(w) + n(w). L